(r).
-29
Let p(t) = -t**3 - 5*t**2 + 9*t + 1. Suppose -3*a - 3 = -4*j + j, -2*j = 4*a + 16. Let d be (-70)/(-4) + a/(-6). Suppose 10*s - 13*s - d = 0. What is p(s)?
-17
Let p(h) = 3*h + 69. Let v(s) = s**3 + 29*s**2 + 93*s - 186. Let o be v(-25). Give p(o).
36
Let l(w) = 11 - 27 + 0*w + 13 - w**2 - 3*w. Let d be ((-9 - 16/(-4)) + 2)*1. Let f be (-2)/3*(0 - d). Calculate l(f).
-1
Let f(i) = 52*i**2 + 258*i - 28. Let j(b) = -15*b**2 - 75*b + 8. Let s(z) = -5*f(z) - 17*j(z). What is s(-6)?
-86
Let s(h) = 3*h**3 + 11*h**2 - 4*h - 5. Let x be ((-2)/1)/(((-21)/24)/(70/(-40))). Give s(x).
-5
Let r(a) = a**2 + 2. Let y be r(1). Let j(k) be the second derivative of 2/3*k**4 + 0 - 1/20*k**5 + 0*k**y - 3*k**2 + 5*k. What is j(8)?
-6
Let r(n) = 12*n - 97. Let y be (-12)/(4 + (-88)/16). Give r(y).
-1
Let r(s) be the second derivative of -s**7/840 - s**6/180 - s**5/40 + 7*s**4/12 + s + 4. Let a(z) be the third derivative of r(z). Calculate a(-2).
-7
Let i(d) = d**2 + 45*d + 481. Let p(q) = -q**2 + 40*q + 1876. Let h be p(68). Give i(h).
5
Let n(t) = -t**2 + 23*t - 121. Let q be n(8). Suppose -u = -5 + 2. Let k(j) = j - j - u*j - 2*j. Calculate k(q).
5
Let l(p) = 1 - p + 0*p - 3. Let j = -177 + 176. Let w be (-3 - -10 - j) + 0. Calculate l(w).
-10
Suppose -290*m + 350 = -283*m. Let n be ((-80)/m)/(3/(-15)). Let p(h) = h - 19. Determine p(n).
-11
Let c(l) be the second derivative of -5*l**4/12 + l**3/2 - 3*l**2/2 - l - 81. Determine c(5).
-113
Let x(r) = -r**3 - 9*r**2 - 5*r + 10. Suppose 0 = -2*a - 13*a - 2265. Let k = -159 - a. Calculate x(k).
-14
Let b(a) be the third derivative of -a**6/120 + 17*a**5/30 + 11*a**4/8 + 12*a**3 - 1695*a**2. Give b(35).
2
Let p(o) = -7*o**3 + 9*o**2 - 10*o + 23. Let u(i) = 6*i**3 - 7*i**2 + 9*i - 20. Let j(a) = 7*p(a) + 8*u(a). What is j(7)?
15
Suppose n + 14 - 33 = -3*r, n + 6 = 2*r. Suppose 0 = f + 4*f - r. Let k(q) be the third derivative of -q**5/30 + q**3/6 + q**2 + 58. Calculate k(f).
-1
Let t(p) = -104*p - 10. Let w(r) = -38*r - 4. Let j(z) = -8*t(z) + 22*w(z). Give j(10).
-48
Let l(v) = 2*v - 3. Suppose 2*i - 4*u - 234 - 72 = 0, -4*i + 621 = -5*u. Let a be i/(-53) - (-4 - (1 + 0)). Give l(a).
1
Let p(q) = -q**2 - 3*q + 2. Let f be p(-4). Let s be f/(2*(-2)/8). Let j(i) be the third derivative of -i**5/60 - 2*i**2 - 11*i - 36. What is j(s)?
-16
Suppose 0 = -5*u - 4*g + 43, -2*u + 28 = g + 12. Let c(k) = 7869*k**2 + 10*k - 7870*k**2 + u + 1. Determine c(7).
29
Let g(k) = k**2 - 2*k - 8. Let b be g(-4). Let z(n) = 21 - 4*n - 36 + b. Let r(u) = -u**3 - 7*u**2 + 7*u - 9. Let f be r(-8). What is z(f)?
5
Let b be (2 + -2)/(1 + 1). Suppose n + 5*n = b. Let g(k) = 2*k**2 + k**3 - k**2 - 2 + n*k**2. Give g(0).
-2
Let g(t) = 38*t - 1. Let r(d) = -74*d + 58. Let k(o) = -6*g(o) - 3*r(o). What is k(-28)?
0
Let k(o) = -32*o**3 - 3*o**2 + 1. Suppose -5*i = 25, m = 6*m + i + 10. What is k(m)?
30
Let q(t) = -t**3 - 2*t**2 + 2*t + 3. Let h be (-9)/36 - (-66)/(-24). Calculate q(h).
6
Suppose 3*p - 6 = p. Let h(y) = -113*y - 13. Let l(z) = 1037*z + 119. Let s(d) = 55*h(d) + 6*l(d). Determine s(p).
20
Suppose f + 3*q = -6, q - 2 + 4 = 2*f. Suppose -2*p + 13 + f = 5*w, -5*p + 25 = 5*w. Let d(a) = 5*a. Calculate d(p).
20
Let i be (-4)/(-14) - 420/98. Let h be 3/((-9)/(-24)*4). Let b(u) = -h*u + 86 + 0*u - 92. Give b(i).
2
Let t be (-1*3)/((-420)/5180). Let d(k) = -k**3 + 36*k**2 + 36*k + 48. Determine d(t).
11
Let f(k) = -k**3 - k**2 + 4. Suppose -135*i - 129*i + 80*i = 7*i. What is f(i)?
4
Suppose g = -0*i + 2*i - 8, -5*g + 20 = 2*i. Suppose -5*o + g*y + 10 = -y, -o - y = 6. Let d(w) = -9*w**3 + w + 1. Give d(o).
9
Let z(b) = b**3 + 22*b**2 - 24*b - 10. Let l(s) = s**3 + 49*s**2 + 441*s - 59. Let p be l(-12). What is z(p)?
13
Let h(q) = -3*q**3 - 11*q**2 + 15*q - 1. Let j(c) = -c**3 + c - 2. Suppose d = 0, 3*x - 2*d + 3 = 2*d. Let o(l) = x*h(l) + 4*j(l). What is o(10)?
-17
Suppose 5*u + 12*u = 2533. Let f = u + -141. Let w(s) = s + 2. Determine w(f).
10
Suppose 12 = -v - 21. Let x = 43 + v. Let y(w) = -w**2 + 10*w - 7. Let g be y(x). Let f(r) = -r**2 - 5*r + 7. Calculate f(g).
-7
Let u = 5397 + -5390. Let a(t) be the second derivative of -7/6*t**3 - u*t + 0 - 1/2*t**2. Calculate a(-1).
6
Let k(d) be the second derivative of -3*d**5/20 + d**4/4 - d**3/3 + 581*d - 2. Calculate k(2).
-16
Suppose 0*w - 4*w + 16 = 0. Let c = 364 + -371. Let t(v) = 5*v**2 - 4*v + 16. Let r(h) = 6*h**2 - 5*h + 18. Let d(p) = c*t(p) + 6*r(p). Calculate d(w).
4
Let t(u) = u - 1. Let y be t(-7). Let b(x) = 598 - 196 - 196 + 2*x - 200. Give b(y).
-10
Let u(a) be the second derivative of -a**4/6 - 3*a**3 - 7*a**2/2 + 5*a - 57. Calculate u(-8).
9
Let s(z) be the third derivative of 3*z**4/4 + 79*z**3/2 + 10523*z**2. Give s(-12).
21
Let h(w) = 15*w - 491. Let o be h(33). Let q(z) = -9*z + 23. Calculate q(o).
-13
Let y(g) = 6 - 5 + 2 + 6*g - 13 + 3*g. Suppose -b = 2*c + 15 - 9, 4*c + 32 = 3*b. Give y(b).
26
Let m(h) be the second derivative of 1/3*h**3 - 1/2*h**2 + 0 - 72*h. Let t = -7 - -5. Determine m(t).
-5
Suppose 131*b + 8 = 123*b. Let l(k) = 39*k**2 + 2*k + 3. Calculate l(b).
40
Let m(x) = -8 - 22 + 32*x**2 - 39*x**2 + 10 - 12*x. Let l(u) = 4*u**2 + 5*u + 10. Let n(b) = 5*l(b) + 3*m(b). Give n(-10).
0
Let v(w) = w**2 + 2*w + 3. Suppose -10*f + 8 = 8. Let u be 0 - f - 2/(2/(-3)). Calculate v(u).
18
Let v(r) = -3*r - 1. Let k(u) = u. Let c(d) = -2*k(d) - v(d). Let n be (30/(-15))/((2/8)/1). Let j = -3 - n. Give c(j).
6
Let f be (418/(-55) + 8)*(-1 + -14). Let l(w) = -21*w - 7. Let z(x) = -24*x - 8. Let c(n) = f*z(n) + 7*l(n). Let j = 7 - 3. What is c(j)?
-13
Let f(w) = w**3 - 2*w**2 + w + 1. Let v(k) = -2*k - 78. Let m be v(-37). Let b(z) = -5*z**3 - z**2 + 3*z - 18. Let p(j) = m*f(j) - b(j). Give p(-10).
-16
Let y = 4620 - 4615. Let o(g) be the third derivative of -7/24*g**4 + 0 + 1/60*g**y - 7/6*g**3 + 0*g - 4*g**2. Calculate o(7).
-7
Let a(f) be the first derivative of 2*f**2 - f + 4389. Give a(-5).
-21
Let c(a) = -a + 1. Suppose 18 = -5*x - 2*w, -155 + 153 = -2*w. Give c(x).
5
Let t(o) = -132*o**3 - o**2 + 2*o - 1. Let x be (-124)/(-70) - 168/294 - 2/10. Give t(x).
-132
Let n = 26538 + -26515. Let k(o) = o**2 - 21*o + 35. Determine k(n).
81
Let m be (-141)/(-94)*((-2)/(-8) + (-614)/24). Let h(j) = 9*j + 348. Determine h(m).
6
Let u(q) be the third derivative of 89*q**2 + 0 + 0*q + 5/3*q**3 - 1/12*q**4. What is u(7)?
-4
Let k = -1162 + 1164. Let o(l) be the first derivative of -1/3*l**3 + 0*l**2 - 4 + 0*l. Calculate o(k).
-4
Suppose -5*j + 23 = d, -16*d - 7*j - 3 = -19*d. Let b(g) = g**3 - 9*g**2 + 8*g - 23. Give b(d).
-23
Suppose 27*b + 38*b - 336 = 17*b. Let w(g) = g**2 - 2*g + 18. Calculate w(b).
53
Let c be (3/(-11))/3 + (-5544)/(-1089). Let o(h) = h**3 - 2*h**3 + 5 + 6 - 10 + 5*h**2. Give o(c).
1
Suppose -8*g - 6*g + 358 - 204 = 0. Let p(i) = 8*i - 97. Give p(g).
-9
Let y(s) = s**3 + 3*s**2 + 8*s + 2. Let x = 65 + -88. Let w = 32 + x. Let q(f) = 2*f**3 + 5*f**2 + 16*f + 5. Let j(i) = w*y(i) - 4*q(i). What is j(-6)?
-14
Let w(q) = -5*q + 65. Let i(n) = n - 13. Let j(v) = 11*i(v) + 2*w(v). Let p be -2 - (-7 + 4 - -1). Suppose -3*u + 4*u - 3*f - 21 = p, -15 = 3*f. Give j(u).
-7
Suppose 0 = -4*x - 22 + 2. Let q(g) = -4 - 1 + 5*g + 0*g**2 + g**2. Determine q(x).
-5
Let l(p) = p**2 - p + 25. Let w(r) = -2*r**2 + 8*r - 124. Let v(b) = 5*l(b) + w(b). Give v(4).
61
Let c(t) be the first derivative of -t**3/3 + t**2/2 - 162*t - 297. Let f(b) be the first derivative of c(b). Give f(5).
-9
Let h(g) = 7*g**3 - 3*g**2 - 140*g + 9. Let w(b) = -4*b**3 + 4*b**2 + 68*b - 5. Let p(x) = -3*h(x) - 5*w(x). Give p(5).
-2
Suppose -4*f = -2*l + f, l + 5*f = 0. Let c(k) = l*k**3 - k**3 - 7 - 3*k + 5*k**2 + 2*k. Give c(4).
5
Let u(c) = 4*c**3 - 3*c**2 - 3*c - 3. Let r be 4 - ((-15 - -21) + -5). Give u(r).
69
Let v(c) be the second derivative of -c**6/120 - 7*c**5/60 + c**4/4 - 2*c**3/3 + 217*c**2/2 - 144*c. Let x(m) be the first derivative of v(m). Give x(-8).
12
Let o(d) = -6*d - 213. Let x be o(-35). Let s(p) be the first derivative of -p**2 - 4*p + 2. What is s(x)?
2
Let r(t) be the first derivative of t**3/3 - t**2/2 - 2*t + 2617. Calculate r(-5).
28
Let m(w) = 5 - 11 - 7 + 22 + 7*w**2 - 8. Suppose 4*r + 8 - 4 = 0. Determine m(r).
8
Let k(r) = 20*r**3 - 75*r**2 - 4*r - 162. Let